e remainder when 88444575 is divided by 111?
108
What is the remainder when 801962 is divided by 320?
42
What is the remainder when 112218 is divided by 85?
18
What is the remainder when 370128 is divided by 90?
48
What is the remainder when 2893564 is divided by 384?
124
What is the remainder when 2453105 is divided by 87?
53
What is the remainder when 142205 is divided by 551?
47
Calculate the remainder when 21755351 is divided by 254.
251
Calculate the remainder when 104593319 is divided by 3254.
3251
Calculate the remainder when 8662956 is divided by 8662951.
5
What is the remainder when 27834523 is divided by 141?
136
Calculate the remainder when 32324391 is divided by 246.
237
What is the remainder when 60857397 is divided by 13?
3
What is the remainder when 2642097 is divided by 437?
432
What is the remainder when 197393959 is divided by 5438?
5435
Calculate the remainder when 10504410 is divided by 26.
20
Calculate the remainder when 149593 is divided by 145876.
3717
What is the remainder when 2047567 is divided by 2047528?
39
Calculate the remainder when 21911 is divided by 21230.
681
Calculate the remainder when 912709 is divided by 912686.
23
What is the remainder when 67078 is divided by 10750?
2578
What is the remainder when 53023 is divided by 6616?
95
What is the remainder when 45727 is divided by 22179?
1369
What is the remainder when 11143853 is divided by 139298?
13
What is the remainder when 7843182 is divided by 147?
144
Calculate the remainder when 1875759 is divided by 296.
7
What is the remainder when 8920590 is divided by 1755?
1680
Calculate the remainder when 34023459 is divided by 58661.
79
Calculate the remainder when 5289814 is divided by 1249.
299
What is the remainder when 151166118 is divided by 50388703?
9
Calculate the remainder when 4825326 is divided by 48740.
66
Calculate the remainder when 13786343 is divided by 4839.
32
Calculate the remainder when 891459 is divided by 17066.
4027
Calculate the remainder when 89478 is divided by 22365.
18
What is the remainder when 136699989 is divided by 2343?
2340
Calculate the remainder when 14514 is divided by 361.
74
Calculate the remainder when 198626 is divided by 1839.
14
Calculate the remainder when 819001 is divided by 181.
157
Calculate the remainder when 3535539 is divided by 10.
9
Calculate the remainder when 508280825 is divided by 144.
137
What is the remainder when 963204 is divided by 377?
346
What is the remainder when 2859449 is divided by 2859439?
10
Calculate the remainder when 1471612 is divided by 133782.
10
Calculate the remainder when 16105432 is divided by 34561.
6
Calculate the remainder when 1177983 is divided by 270.
243
Calculate the remainder when 84124215 is divided by 62.
11
Calculate the remainder when 450773 is divided by 56.
29
Calculate the remainder when 912037 is divided by 7664.
21
What is the remainder when 21804 is divided by 6945?
969
Calculate the remainder when 58460372 is divided by 29.
26
What is the remainder when 37280 is divided by 74?
58
Calculate the remainder when 1487128 is divided by 115.
63
Calculate the remainder when 6262417 is divided by 1252482.
7
Calculate the remainder when 51356565 is divided by 53.
42
Calculate the remainder when 2259392 is divided by 12.
8
Calculate the remainder when 2012666 is divided by 502639.
2110
Calculate the remainder when 2829499 is divided by 2829476.
23
What is the remainder when 859938 is divided by 1693?
1587
What is the remainder when 13596465 is divided by 322?
15
What is the remainder when 1296552 is divided by 441?
12
What is the remainder when 40643 is divided by 1850?
1793
What is the remainder when 324736 is divided by 81180?
16
Calculate the remainder when 3004493 is divided by 507.
11
What is the remainder when 3498583 is divided by 148?
11
What is the remainder when 75856 is divided by 18673?
1164
What is the remainder when 36959591 is divided by 445296?
23
Calculate the remainder when 12548329 is divided by 12548319.
10
What is the remainder when 1032154 is divided by 16124?
218
What is the remainder when 2132104 is divided by 94?
90
What is the remainder when 345194 is divided by 660?
14
What is the remainder when 2572028 is divided by 13681?
0
Calculate the remainder when 89386 is divided by 14666.
1390
What is the remainder when 48242036 is divided by 1589?
1585
Calculate the remainder when 247227 is divided by 7484.
255
What is the remainder when 9001 is divided by 600?
1
What is the remainder when 346605 is divided by 21633?
477
What is the remainder when 977597 is divided by 162859?
443
Calculate the remainder when 2223367 is divided by 459.
430
Calculate the remainder when 97809 is divided by 998.
5
What is the remainder when 266678 is divided by 2869?
2730
Calculate the remainder when 77083 is divided by 7648.
603
Calculate the remainder when 57706 is divided by 57642.
64
Calculate the remainder when 2705071 is divided by 9.
4
Calculate the remainder when 36228 is divided by 15714.
4800
Calculate the remainder when 60814 is divided by 465.
364
What is the remainder when 8887329 is divided by 2962419?
72
Calculate the remainder when 36723 is divided by 510.
3
Calculate the remainder when 551982 is divided by 2760.
2742
What is the remainder when 319922 is divided by 116?
110
Calculate the remainder when 31396962 is divided by 3139695.
12
Calculate the remainder when 1050477 is divided by 180.
177
Calculate the remainder when 44088673 is divided by 453.
448
What is the remainder when 237621023 is divided by 25?
23
Calculate the remainder when 7669662 is divided by 92405.
47
What is the remainder when 10529898 is divided by 63?
15
What is the remainder when 37646235 is divided by 14?
11
Calculate the remainder when 21432 is divided by 2285.
867
What is the remainder when 69730 is divided by 34774?
182
Calculate the remainder when 3634387 is divided by 1103.
2
What is the remainder when 2949634 is divided by 652?
638
What is the remainder when 181265 is divided by 59128?
3881
What is the remainder when 2815254 is divided by 419?
412
Calculate the remainder when 282101 is divided by 40190.
771
Calculate the remainder when 7682864 is divided by 255.
224
What is the remainder when 2710597 is divided by 2427?
2065
Calculate the remainder when 22926252 is divided by 1545.
1542
Calculate the remainder when 13922872 is divided by 22.
18
Calculate the remainder when 5150921 is divided by 99056.
9
Calculate the remainder when 14566955 is divided by 136.
131
Calculate the remainder when 6898 is divided by 1142.
46
What is the remainder when 76455 is divided by 9554?
23
What is the remainder when 444102 is divided by 6521?
674
Calculate the remainder when 75316759 is divided by 9.
7
What is the remainder when 6019 is divided by 1913?
280
Calculate the remainder when 304165 is divided by 13819.
147
Calculate the remainder when 121582 is divided by 1010.
382
Calculate the remainder when 9739570 is divided by 1535.
1530
What is the remainder when 367327 is divided by 13603?
46
What is the remainder when 9045372 is divided by 2857?
110
Calculate the remainder when 4836869 is divided by 8254.
25
Calculate the remainder when 355610475 is divided by 222.
219
What is the remainder when 496834 is divided by 38213?
65
What is the remainder when 46868 is divided by 24?
20
Calculate the remainder when 708895 is divided by 6273.
46
What is the remainder when 126096 is divided by 6036?
5376
Calculate the remainder when 2563259 is divided by 1067.
325
What is the remainder when 94215202 is divided by 665?
662
Calculate the remainder when 6070166 is divided by 557.
537
Calculate the remainder when 1785199 is divided by 540.
499
Calculate the remainder when 117718071 is divided by 18.
15
What is the remainder when 21018698 is divided by 39?
38
What is the remainder when 691203 is divided by 76800?
3
Calculate the remainder when 784679 is divided by 196167.
11
Calculate the remainder when 51624 is divided by 9850.
2374
Calculate the remainder when 2242598 is divided by 1121242.
114
Calculate the remainder when 178437 is divided by 59106.
1119
What is the remainder when 242517 is divided by 12063?
1257
What is the remainder when 6740061 is divided by 2346?
3
What is the remainder when 146